he greatest common factor of 2732 and 56?
4
What is the highest common factor of 126 and 69342?
42
What is the greatest common divisor of 27888 and 24153?
249
What is the highest common factor of 594 and 239814?
54
What is the greatest common factor of 12520 and 113306?
626
Calculate the greatest common divisor of 28980 and 56925.
1035
Calculate the highest common factor of 238 and 40052.
34
Calculate the greatest common divisor of 6975 and 7533.
279
Calculate the highest common factor of 131 and 160344.
131
What is the highest common divisor of 16013 and 6453?
239
Calculate the highest common factor of 103466 and 176.
22
What is the highest common divisor of 10772 and 68?
4
Calculate the greatest common factor of 3945 and 45.
15
What is the highest common divisor of 1659 and 179172?
1659
Calculate the highest common divisor of 97 and 18721.
97
Calculate the greatest common factor of 2872 and 196.
4
Calculate the greatest common divisor of 212150 and 50.
50
Calculate the greatest common factor of 4 and 327100.
4
What is the highest common factor of 46905 and 636?
159
Calculate the highest common divisor of 3550 and 46434.
142
Calculate the highest common factor of 25 and 2569950.
25
Calculate the greatest common factor of 10088 and 4268.
388
What is the highest common divisor of 90615 and 2205?
105
What is the highest common factor of 85 and 7769?
17
Calculate the greatest common factor of 14204 and 954.
106
What is the greatest common factor of 4680 and 193635?
585
Calculate the highest common factor of 25155 and 936.
117
Calculate the greatest common factor of 10770 and 390.
30
What is the highest common divisor of 35972 and 1700?
68
What is the greatest common factor of 1313 and 221?
13
What is the greatest common factor of 603 and 153?
9
What is the highest common divisor of 74175 and 405?
15
Calculate the highest common divisor of 1311 and 138.
69
What is the highest common divisor of 62 and 844?
2
What is the greatest common factor of 25600 and 768?
256
Calculate the highest common factor of 11371527 and 9.
9
Calculate the greatest common factor of 19 and 167162.
19
What is the greatest common factor of 450 and 23350?
50
What is the greatest common factor of 1088 and 2792?
8
Calculate the greatest common divisor of 945 and 125055.
315
Calculate the highest common factor of 16 and 146992.
16
What is the greatest common divisor of 735 and 5495?
35
What is the greatest common factor of 637 and 2?
1
Calculate the greatest common divisor of 546 and 50141.
91
What is the greatest common factor of 222 and 28?
2
What is the highest common factor of 611955 and 126?
9
Calculate the greatest common divisor of 360 and 157440.
120
Calculate the highest common divisor of 66 and 1197867.
33
Calculate the highest common divisor of 69210 and 1170.
90
What is the highest common divisor of 1752 and 68?
4
Calculate the highest common factor of 2367586 and 164.
82
What is the greatest common factor of 3944 and 3349?
17
Calculate the highest common factor of 25803 and 893.
47
Calculate the highest common divisor of 390 and 1935.
15
Calculate the highest common factor of 296570 and 10.
10
Calculate the highest common divisor of 12283 and 4671.
173
Calculate the highest common factor of 106524 and 1320.
132
Calculate the highest common divisor of 102 and 296106.
102
Calculate the greatest common divisor of 156 and 1173432.
156
Calculate the greatest common factor of 2871 and 47241.
261
Calculate the greatest common factor of 29154 and 54.
6
What is the highest common divisor of 5246 and 4636?
122
What is the highest common factor of 5197005 and 15?
15
What is the highest common factor of 1552 and 834200?
776
What is the highest common divisor of 800 and 2920?
40
What is the greatest common divisor of 207 and 4?
1
What is the greatest common divisor of 669140 and 40?
20
What is the greatest common factor of 48 and 345834?
6
What is the greatest common factor of 42 and 193046?
14
Calculate the greatest common factor of 33800 and 7800.
2600
What is the highest common divisor of 4498 and 93847?
13
Calculate the greatest common divisor of 27060 and 3015.
15
What is the highest common divisor of 1264 and 1343?
79
Calculate the greatest common factor of 194174 and 102.
34
What is the greatest common divisor of 2750 and 350185?
55
Calculate the highest common factor of 628 and 1324.
4
What is the highest common divisor of 3126 and 87?
3
What is the greatest common factor of 45416 and 3108?
28
What is the highest common factor of 1037128 and 16?
8
Calculate the greatest common factor of 587 and 714379.
587
Calculate the greatest common divisor of 455 and 2119.
13
What is the greatest common factor of 871 and 73231?
67
What is the greatest common factor of 14688 and 720864?
288
Calculate the highest common factor of 4960 and 3040.
160
What is the highest common factor of 19573 and 2997?
37
Calculate the highest common divisor of 952 and 65296.
56
Calculate the greatest common factor of 236314 and 61.
61
What is the highest common divisor of 85844 and 132?
44
Calculate the greatest common divisor of 152 and 84797.
19
Calculate the greatest common divisor of 1188 and 44847.
297
Calculate the greatest common divisor of 808 and 18483.
101
Calculate the highest common divisor of 11840 and 6290.
370
What is the highest common divisor of 43819 and 87?
29
What is the greatest common divisor of 5172 and 264?
12
What is the highest common factor of 20832 and 10402?
14
Calculate the greatest common factor of 150537 and 722.
361
Calculate the highest common divisor of 18836 and 136.
68
Calculate the greatest common divisor of 2920 and 370.
10
What is the highest common factor of 138904 and 11456?
1432
Calculate the greatest common divisor of 253815 and 15.
15
What is the highest common factor of 477 and 39803?
53
What is the greatest common factor of 132 and 5852?
44
What is the highest common divisor of 19969 and 4009?
19
What is the greatest common factor of 40 and 10208?
8
What is the highest common divisor of 30 and 373206?
6
Calculate the greatest common factor of 197 and 592182.
197
What is the greatest common divisor of 8415 and 6919?
187
Calculate the highest common divisor of 3852637 and 47.
47
Calculate the highest common factor of 602 and 9168460.
602
Calculate the greatest common factor of 61 and 118279.
61
What is the highest common divisor of 107855 and 9063?
53
Calculate the highest common factor of 1827938 and 826.
826
What is the greatest common factor of 293518 and 86?
86
Calculate the greatest common divisor of 19152 and 14000.
112
Calculate the highest common divisor of 166772 and 1038.
346
Calculate the greatest common divisor of 7088 and 15505.
443
Calculate the greatest common factor of 16 and 254.
2
What is the greatest common divisor of 374 and 54890?
22
Calculate the greatest common divisor of 374740 and 164.
164
Calculate the highest common divisor of 7185 and 250517.
479
What is the greatest common factor of 1251 and 819?
9
Calculate the highest common factor of 3320 and 1240.
40
Calculate the greatest common factor of 402 and 796898.
134
What is the greatest common factor of 13 and 1114815?
13
What is the greatest common factor of 60 and 8334?
6
Calculate the greatest common divisor of 5954 and 234.
26
Calculate the greatest common factor of 284 and 2702260.
284
What is the greatest common divisor of 139 and 19043?
139
What is the highest common divisor of 30 and 78270?
30
Calculate the greatest common divisor of 124858 and 1149.
383
What is the greatest common factor of 7416 and 16892?
412
What is the highest common divisor of 2529840 and 254?
254
Calculate the highest common factor of 3619 and 9541.
329
What is the highest common divisor of 67712 and 88688?
368
What is the greatest common factor of 160 and 5288?
8
What is the highest common divisor of 132920 and 8?
8
What is the greatest common divisor of 14520 and 308?
44
What is the greatest common divisor of 368994 and 534?
534
What is the highest common divisor of 40 and 20830?
10
What is the greatest common divisor of 142982 and 35?
7
What is the highest common divisor of 21968 and 464?
16
Calculate the greatest common factor of 91991 and 938.
67
What is the highest common factor of 2364180 a